 be r(-6). Let n(c) = -c**3 + 2*c**2 - 2*c. Is n(l) a composite number?
True
Let o = 26 + 48. Is o a prime number?
False
Let m = -3 + 5. Suppose 2*r + m - 10 = 0. Suppose 4*o - 3*i = 565, i - 590 = -r*o - i. Is o a prime number?
False
Let p(s) be the second derivative of -1/2*s**2 + 1/6*s**3 + 0 + 1/12*s**4 - 2*s. Is p(4) a prime number?
True
Let b(l) = l - 2. Let p be b(4). Let t = 8 - 6. Suppose -t*q + 12 = -p. Is q prime?
True
Suppose 0 = j + 4*j + 2*l - 35, -26 = -4*j - 2*l. Suppose 0 = 5*b - 2*b - j. Suppose n + 99 - 304 = b*z, 4*z - 852 = -4*n. Is n a composite number?
False
Suppose -m = 3*x + 36, 3*x - m = -5*m - 45. Let q(l) = -l**3 - 11*l**2 + 12*l + 19. Let i(p) = p - 1. Let r(f) = -3*i(f) - q(f). Is r(x) a composite number?
False
Let n(x) = 13*x**3 - 4*x**2 + x - 13. Is n(6) composite?
False
Let t(g) = g**3 + 13*g**2 - 8*g - 3. Let v be t(-13). Suppose -i + x - 21 = -5*i, 5*x - 5 = 0. Suppose -3*z = -i*n + 250, -n - z - v = -3*n. Is n composite?
False
Suppose 4*p = -2*n - 0*n + 22, -n + 3*p - 4 = 0. Suppose -3*v + 102 = -45. Suppose -q + 0*m + n*m + 49 = 0, -q + 2*m + v = 0. Is q prime?
False
Let v = -4 + 9. Let o(i) = -i + 9. Let f be o(v). Suppose -6*m = -f*m - 28. Is m a composite number?
True
Let x(a) = a**2 + 7*a + 11. Let w be x(-6). Is 78*((-10)/(-6))/w composite?
True
Let i(p) = 21*p + 6 - 4 + 0 - 52*p. Suppose 2*m + 4 + 2 = 0. Is i(m) prime?
False
Let f(s) = 2*s + 2*s**3 - 9 + 4*s**2 - 5*s + 13 - 2*s**2. Is f(3) a prime number?
True
Let d(p) = p + 4. Let w be d(-8). Let s = 4 + w. Let z(q) = -q**3 - q**2 + 55. Is z(s) a composite number?
True
Let i(g) = g**2 - g. Let w be i(2). Suppose 0*b - b = n - 34, -w*n = 5*b - 167. Is b a prime number?
False
Let u(n) = -n + 1. Let b(f) = -3*f + 2. Let g(p) = b(p) - 2*u(p). Let a be g(1). Is (-2 + -95)*1/a a prime number?
True
Is (31656/60)/(2/5) composite?
False
Suppose 4 = -n + 45. Suppose l + n = 2*l. Let f = 168 - l. Is f a composite number?
False
Is (-1218)/(-4) - (7/(-2))/7 composite?
True
Let l = 239 + -125. Let v = l + -71. Is v a prime number?
True
Suppose -4*v = 5*n + v - 70, v = -3. Suppose -n = -5*f - 2*s, 0 = -5*f - s + 4*s + 12. Suppose -35 = -p + 5*k, -f*p + 0*p = 2*k - 71. Is p prime?
False
Suppose 3105 = 3*r - 0*r + 4*u, 3*r - 3102 = -5*u. Is r prime?
True
Let s(p) be the first derivative of -p**3/3 - 7*p**2/2 - 6*p + 2. Let m be s(-4). Let d(l) = 2*l**2 - 9*l + 3. Is d(m) a composite number?
True
Suppose 0 = -3*t + q + 3*q + 16, -2*t + 22 = 3*q. Is (-12)/t*(-2668)/6 composite?
True
Suppose 6*c + 1 + 29 = 0. Is ((-717)/3)/(c - -4) prime?
True
Let k(n) = -n**2 - 4*n + 3. Let j(t) = -3*t**2 - 12*t + 9. Let s(z) = -4*j(z) + 11*k(z). Let h be (-5 + 1)/(-1 - 1). Is s(h) a prime number?
False
Let d be 4/(-18) + 190/45. Suppose 184 = -4*r - 4*f, -d*r = -0*f + 3*f + 188. Is (4/5)/((-4)/r) a composite number?
True
Let t = -3 - -4. Let x(s) = 25*s + 35*s - 6*s + 1. Is x(t) a composite number?
True
Let g = 556 + -303. Suppose 2*v - g = -41. Is v a composite number?
True
Let c = 498 - -443. Is c a prime number?
True
Is (-15)/35 - 35562/(-21) composite?
False
Let s(q) = -q**3 + 10*q**2 - 3*q - 8. Is s(7) a prime number?
False
Suppose -5*f = -23 + 8. Suppose -q - 5*v = -85, -q + v + f*v = -85. Is q composite?
True
Let q be (2 - 2)/(3 + -2). Let u(p) = -p**3 - p**2 + p + 221. Is u(q) a composite number?
True
Let s be 6/15*(-2 - -7). Suppose 3*b + 252 = s*h + 5*b, -111 = -h - 4*b. Is h a composite number?
False
Is 2*102/12*(12 - 1) a prime number?
False
Suppose 10*k - 9*k = 1345. Is k composite?
True
Let l = 26 - -3. Let v = -6 + l. Is v a prime number?
True
Let g(t) = -t - 2. Let v be g(-2). Let r(f) = f + 79. Is r(v) prime?
True
Suppose -2*x + y = -2*y + 3, -5*y + 27 = 4*x. Let b = -3 + x. Suppose -2*j + u + 3*u + 10 = b, -5*u + 72 = 4*j. Is j composite?
False
Suppose -4*a = -2*k + 4*k + 790, -3*k + 765 = -4*a. Let r = a - -116. Is r*(-3 + 6/3) a composite number?
False
Suppose 0 = -x + z + 328, 5*z = 8*z - 9. Is x a prime number?
True
Suppose -292 = -2*u + 970. Let s = u + -428. Is s a prime number?
False
Let b be ((-2)/(-6))/(1/33). Suppose 0 = -3*r + b - 2. Suppose -3 = -r*i, -u + 8*i - 3*i + 32 = 0. Is u a composite number?
False
Is (-1 - (3 - 214)) + 1 a prime number?
True
Let j be 92/(-5) - (-4)/10. Let f = j - 19. Let k = 2 - f. Is k a prime number?
False
Suppose -154 = 3*i + 128. Let u = i - -479. Suppose -7*y + 2*y + u = 0. Is y a prime number?
False
Let v(r) = 105*r**3 - 7*r**2 + 2*r - 5. Is v(3) a prime number?
False
Suppose -5*v = -4*x - 2797, 7*v = 2*v + 2*x + 2801. Let w = v + -350. Is w prime?
True
Let l(f) = -f**3 + 8*f**2 + f - 4. Let u be l(8). Suppose 0*c + 5*c + u*r - 1 = 0, 17 = -3*c + 2*r. Is 2/3 + (-259)/c a prime number?
False
Let m = -72 + 126. Suppose m + 113 = 2*i - 5*j, -3*i = 2*j - 222. Suppose 2*o - 34 = i. Is o a prime number?
False
Let a = 78 + -37. Suppose -3*t - 5*j = -a - 976, -3*j = 0. Is t prime?
False
Let c(m) = -m + 11. Let p be c(6). Suppose p*q = -0*q + 265. Is q a composite number?
False
Suppose -45*d + 43*d + 1358 = 0. Is d a composite number?
True
Let p = -298 + 747. Is p composite?
False
Let r = 15124 + -10725. Is r prime?
False
Let s = -181 - -360. Is s prime?
True
Let j(y) be the second derivative of 7*y**4/6 - 2*y**3/3 - 5*y**2/2 - 3*y. Is j(4) a composite number?
True
Suppose 5*m - 39 = 2*j, -2*j = m - 9 - 6. Suppose -3*l + 4*u + 39 = -14, -4*u - m = l. Is l a composite number?
False
Let j(k) = 14 - 8*k - 4 + 0. Is j(-6) composite?
True
Is ((-712)/32)/(3/(-12)) a composite number?
False
Is 838/3*(-3)/(-2) a composite number?
False
Let g(d) = 11*d**2 - 32*d - 31. Let w(u) = 4*u**2 - 11*u - 10. Let z(p) = 3*g(p) - 8*w(p). Is z(12) a composite number?
True
Let b(j) = -2065*j**2 + 2478. Let u(o) = o**2 - 1. Let p(g) = b(g) + 2478*u(g). Is p(-1) a prime number?
False
Let p = 7 + -4. Suppose -p = -t - 1. Suppose t*a = 148 - 38. Is a a prime number?
False
Let z = 116 - 57. Is z composite?
False
Suppose 3*b - 99 + 26 = -4*k, 4*k + 88 = 4*b. Is b composite?
False
Suppose 0 = x + h - 38, -5*x - 2*h + 186 = h. Is x - 1/(-2 - -1) a prime number?
True
Is 111/5 - 3/15 a prime number?
False
Suppose 0 = -6*h + 471 + 591. Is h a prime number?
False
Let y(v) = -53*v - 4. Let w(i) = -2*i**2 - 2*i + 1. Let g be w(1). Let h = -6 - g. Is y(h) a prime number?
False
Is 148*(13 - 4) + -3 a composite number?
True
Let z be (-4)/(-14) + 3286/14. Let i = z - 32. Is i composite?
True
Suppose 11*u - 1341 = 8*u. Is u a prime number?
False
Suppose -240 + 68 = -2*t. Let i = -55 + t. Is i composite?
False
Suppose -f + 8 = f, 2*h + 4*f = 24. Suppose 2*j - h*p = p + 386, 3*p + 800 = 4*j. Is j composite?
True
Is (1 + 1913 - (-4)/(-2)) + 1 prime?
True
Suppose -3*n - 7 - 23 = 3*w, -n - 22 = 4*w. Let b(m) = m**2 - 5*m - 1. Let p be b(n). Suppose -g = 4*g - p. Is g a composite number?
False
Suppose r - 47 = 2. Suppose b + 5 = r. Let o = b + 35. Is o a composite number?
False
Suppose -5*r = -4*o + 29, 0 = -2*r - 4 + 2. Suppose -4*t = -5*p - 72, 2*t + o*p - 54 = 4*p. Is t prime?
True
Let f = 2 - 6. Let v(r) = -19*r + 1. Is v(f) composite?
True
Is 5818/3 - 4/12 a prime number?
False
Let i = -158 - -271. Is i a composite number?
False
Is (-14)/(-21)*(-786)/(-4) prime?
True
Let q(o) = 5*o + 8. Let j be (-2)/(-13) - (-772)/52. Is q(j) a composite number?
False
Suppose -4*d - 497 = -2381. Is d prime?
False
Let l = 64 + -39. Let v = 44 - l. Is v a composite number?
False
Let y = 0 + 2. Suppose -y*r = -3*r - 38. Let g = r + 61. Is g prime?
True
Let r = 5 - 3. Let d(w) = w**2 + 1. Let c be d(r). Suppose -3*k = 3*m - 78, 0 = -3*m + c*k - 3*k + 58. Is m prime?
False
Is ((-8)/8)/((-1)/58) a composite number?
True
Suppose 0 = 5*c + g - 20 - 19, -3*g + 19 = c. Suppose -c*z + 2*z - 5*m = -2710, m - 1 = 0. Is z prime?
True
Let s = 838 - 531. Is s composite?
False
Let h be ((-3 + 180)/(-1))/(-3). Let c(v) = -v**2 - 10*v - 1. Let u be c(-5). Suppose y - u = h. Is y a prime number?
True
Is 1 - (-1644 + -9 + 3*-1) composite?
False
Suppose 0 = 2*p - 5 - 9. Let w(s) = -s**3 + 8*s**2 - 8*s + 2. Let y be w(p). Let o(j) = -j**3 - 3*j**2 + 4*j + 7. Is o(y) prime?
True
Is ((-8)/(-24))/(1/237) a prime number?
True
Let m(h) = -h**2 - 3*h - h + 2*h - 6*h - 2. Is m(-6) a composite number?
True
Let j(m)